y(o) = 4*o - 1. Let w(h) = 3*q(h) + 4*y(h). Suppose 4*k - 1 = 3*s, 13*k = 10*k + 3. Determine w(s).
6
Let g(k) = 7*k + 19*k - 18*k - 3. Let o(n) be the third derivative of 95*n**4/24 - 35*n**3/6 + n**2. Let c(u) = 35*g(u) - 3*o(u). Determine c(-1).
5
Let o(f) = 1. Let d(k) = k**3 + 3*k**2 - 6*k - 8. Let u(r) = -d(r) - 2*o(r). Let c be (4 + -1)*(-22)/6. Let b = -15 - c. Give u(b).
-2
Let i(l) be the first derivative of -11*l**4/12 - l**3/3 - l**2/2 + 9*l - 6. Let y(v) be the first derivative of i(v). Give y(-1).
-10
Let o(b) be the first derivative of b**2/2 - 1. Suppose 7*f - 12*f + 2*x = -227, -f + 4*x = -49. Suppose 0*g = 9*g + f. Give o(g).
-5
Let i(v) = -v**3 - 7*v**2 - 1. Let n be 1*(16/2 + -1). Suppose -s + n = -2*s. Determine i(s).
-1
Let i = -12 - -18. Suppose 4*x = 2*a + i, 33 = 4*a - 0*x + x. Let l(z) = 2*z - 8. Calculate l(a).
6
Let y(t) = 27*t - 3. Let r be 1*((-56)/(-70) - (-4)/20). What is y(r)?
24
Let q(v) = -v + 4. Let i = 37 + -33. Suppose 25 = i*s + 3*k, 3*s - 33 = k - 11. Give q(s).
-3
Let u(p) = 14189*p**2 - 7 + 9 - 14190*p**2 - 24 - p - 8. Calculate u(0).
-30
Let t(i) be the second derivative of i**3/3 - 39*i**2/2 - 186*i. What is t(20)?
1
Let h(r) = -14 + 4*r - r + r - 2*r + 0*r. What is h(7)?
0
Let f(o) = o - 9 + 1 - 8. Calculate f(19).
3
Let p(z) = -z - 15. Let m(r) = 150 - r - 151 + 0*r. Let t(i) = 2*m(i) - p(i). Give t(0).
13
Let r(w) = 1 + 9 - 2*w + w**2 + w**3 + 0*w**2 + 0*w - 2. Determine r(0).
8
Suppose c - 6*c - 3*g = -20, 2*g = -c + 11. Let q be c/(-2) + 7/2. Let u(l) = -4*l + 6 - 3*l**2 - q*l**3 - 5 + 5*l**3 - l**3. Give u(4).
1
Let g(x) be the first derivative of -3*x**4/4 - x**3/3 - x**2 - x + 85. Determine g(-1).
3
Suppose v + 12*v = -39. Let k(m) = 3*m - 4*m + 2*m + 3. What is k(v)?
0
Let b(y) = y**3 + 4*y**2 - 3*y + 1. Let d(z) = -46*z + 271. Let p be d(6). What is b(p)?
-9
Let a(y) = -18*y + y**3 + 6*y**2 + 22*y - 5 + 3. Let c be a(-5). Let v(m) = -m + 0*m + c*m - m**2. Determine v(2).
0
Suppose -24 - 3 = -9*k. Let f(n) = 9*n**3 - 3*n + 13*n**3 - 32*n**3 - 6*n**2 + 11*n**3 - k. Determine f(6).
-21
Let b be 11 + 0 + 54/(-9). Let i(k) be the second derivative of -k**3/3 + 2*k**2 + k. Determine i(b).
-6
Suppose -4*n = -2*b - 6, -2 = -3*n - b + 10. Let r(z) = z**2 - 15*z - 9*z - 1 - 16*z**n + 23*z. Give r(-1).
17
Suppose -4*o = -g + 2*g - 1, 4*o - 3*g = -19. Let s = o + 4. Let h(n) be the second derivative of -n**4/12 + 2*n**3/3 + 2*n**2 + 2*n. What is h(s)?
7
Let k(q) = 5*q**2 + 1. Let z be (14 - 2)/(20/170). Let d = -103 + z. Determine k(d).
6
Let g(j) = 11 + 10*j + 9*j - 21*j + 1. Let c be (648/(-270))/((-3)/10). Calculate g(c).
-4
Suppose -3*a - 20 - 16 = 0. Let m be 1/6 - (-62)/a. Let c(k) = -8964 + 3*k + 8963 - 4*k. Calculate c(m).
4
Let n(x) = -x + 5. Suppose 4*d = 3*a - 14, 0*a + a - 5*d = 1. Calculate n(a).
-1
Suppose 18 = -3*a + t, 0*a + 5*a + t = -22. Let f(u) be the first derivative of 3*u**2/2 + 4*u - 36. Calculate f(a).
-11
Let n = -3 - -7. Let t(y) = 2*y - 1 - n - 3*y + 2*y. Suppose 2*l + 2*p = 0, -l + 4*l - 2*p - 20 = 0. What is t(l)?
-1
Let q(g) be the first derivative of 5*g**2/2 - 10*g - 209. Give q(9).
35
Let c(q) = -q**3 + 2*q + 13 + 10*q - 7*q + 7*q**2 - 7*q - 5*q. Determine c(6).
7
Let k(o) = -2*o**2 - 32 + 9*o**2 - 2*o + 33. Suppose 10 = m + 2*w, -w = m - 6*w + 25. Let d = m - -1. What is k(d)?
6
Let o(l) = 10*l**3 - 5*l**2 + 6*l - 1. Let i(t) = -2*t + 0*t**2 + t**2 - t**3 + t - t**3. Let c(j) = -11*i(j) - 2*o(j). Determine c(-2).
-16
Let u(o) = -19*o - 6 + 12*o + 5. Give u(1).
-8
Let t be (-10)/(70/21)*2. Let j(c) = 2*c + 7. Calculate j(t).
-5
Suppose -11*c - 1 + 67 = 0. Suppose 2*q + 12 = 5*y, c*q - 5*y + 8 = 3*q. Let s(x) = x**3 - 2*x**2 - 5*x - 2. Calculate s(q).
10
Let a(o) = -2*o**2 - 17*o. Suppose -248 = 7*f + 24*f. Calculate a(f).
8
Suppose -24*p = -25*p + 16. Let h(k) = 4 - 17*k - 2 + p*k. Determine h(7).
-5
Let n be (1 + -1)/(10/5) - -15. Let y(q) = -2*q**3 - 13*q + n*q - 2*q**2 + q**3. Give y(-3).
3
Let m be ((-4)/6 + -1)*3. Let p(l) be the first derivative of l**3/3 + 5*l**2/2 - 6*l + 41. Calculate p(m).
-6
Let w be (-138)/(-24) + (-1)/(-4). Let y(x) = 20*x - 34. Let u(q) = 4*q - 7. Let o(a) = -11*u(a) + 2*y(a). Give o(w).
-15
Let t = 6 - 5. Let q be (21/(-14))/(3/6 - t). Let w(j) = j + 1. Calculate w(q).
4
Let u(s) = -31*s + 75*s + 5 - 25*s - 26*s. Give u(6).
-37
Let z(o) = o**3 + 2*o**2 + 1. Let a be (100/(-125))/(1 - (-7)/(-5)). Calculate z(a).
17
Let b(o) = o + 11. Let d be 0/((-6)/9*(-30)/(-20)). Calculate b(d).
11
Suppose 4*x + 10 = 2*x. Let r(d) = 3*d**3 + 4*d**2 + 8*d - 1. Let l(a) = 8*a**3 + 10*a**2 + 24*a - 2. Let h(u) = 4*l(u) - 11*r(u). What is h(x)?
-12
Suppose 0 = 3*m - 8*m - 10. Let n(j) = 600 + 599 - 1197 + j**2 - j. Calculate n(m).
8
Let n(s) be the first derivative of 1/2*s**2 - 5/3*s**3 + 38 + 7*s - 1/4*s**4. Suppose 3*o = 9, -4*a + 5*o - 32 = o. What is n(a)?
2
Let z(k) = -k**3 + 5*k**2 - 2*k + 6. Let o(u) = u**3 - 6*u**2 + 3*u - 14. Let w be o(6). Suppose 3*i - 10 = w*v - 3*v, -2*i + 5*v - 15 = 0. Determine z(i).
-4
Suppose -2*v + 131 = 115. Let f(j) = -j**2 + 10*j - 5. Give f(v).
11
Let s = 29 - 24. Let v = 8 - s. Let h(g) = -2*g - 1 - 4 + 2. Calculate h(v).
-9
Let m(w) = 5*w**3 - 3*w**2 - w. Let q be 1 + 2 + (-7 - -1 - -1). Give m(q).
-50
Let m(r) = 1. Let a(n) = -7*n + 6. Let g(p) = 6*p - 6. Let u(j) = 5*a(j) + 6*g(j). Let d(k) = -35*m(k) - 5*u(k). Calculate d(-5).
20
Suppose 10*c + 105 - 75 = 0. Let u(d) be the third derivative of d**6/120 + d**5/60 - d**4/24 + d**3/2 - d**2. What is u(c)?
-12
Let y(o) = o**3 - o**2 - o - 2. Let t be y(0). Let c(r) be the third derivative of -1/12*r**4 - 1/3*r**3 + 0*r + 0 - 19*r**2. What is c(t)?
2
Suppose 18 = -3*f + 9*f. Let v = f - 0. Let a(l) = -v*l**2 + 2*l**2 - 7*l**3 - 7*l**3 + l**3. Calculate a(1).
-14
Let i(j) = j**2 + 6*j - 1. Let a be ((-7)/3 - -2) + (-600)/90. Give i(a).
6
Let u(w) = -5 - 8 - w**3 - 13*w - 2 + 0 - 11*w**2 + 6. What is u(-10)?
21
Let r(v) = -8*v**3 + 7*v**2 + 2*v - 16. Let d(i) = -13*i**3 + 9*i**2 + 3*i - 24. Let b(n) = -5*d(n) + 8*r(n). Calculate b(-11).
-19
Let j(x) be the third derivative of x**7/840 - x**6/120 - x**5/20 + x**4/8 + 5*x**3/2 - 15*x**2. Let c(t) be the first derivative of j(t). What is c(4)?
-5
Let k(d) = 3*d**3 + 9*d**2 + 7*d - 5. Let m(q) = q**3 + q**2 - 1. Let t be 24*4/(-8 - 0). Let j = t - -10. Let y(h) = j*m(h) + k(h). Calculate y(-6).
-9
Let o(f) = -f**3 - 8*f**2 - 6*f + 10. Let w = -501 + 494. What is o(w)?
3
Let f(y) = -y. Let w = -230 - -226. Determine f(w).
4
Let o(q) = -5*q + 12. Let u(t) = -8*t + 24. Let j(f) = 7*o(f) - 4*u(f). Give j(-6).
6
Suppose -37 = -5*o + 43. Suppose g - o = -3*g. Let d(b) = b + b**3 + 0*b**2 + 3 - g*b**2 - 3 + 1. Calculate d(4).
5
Let q(k) = 3*k**3 + 4*k**2 + 4*k + 3. Let p = -61 - -62. Suppose 5*t + 9 = -p. Determine q(t).
-13
Let h(o) be the second derivative of -o**5/20 - 5*o**4/12 + o**3/2 - o**2 + 29*o + 2. Give h(-4).
-30
Let p(c) = -c + 5. Let u(w) = -w + 4. Let y(z) = -5*p(z) + 3*u(z). Give y(10).
7
Let i(m) = 5*m**2. Let g = -10 - -13. Suppose 0*c = -5*c - 10, 3*y + g = 3*c. Let n(o) = -o**2 - 3*o + 1. Let f be n(y). Calculate i(f).
5
Let h = -8 + 17. Let c(i) = i - 5. Give c(h).
4
Let m(y) be the third derivative of 0*y + 0 + 5/24*y**4 + 1/15*y**5 + 1/120*y**6 - 10*y**2 + y**3. What is m(-4)?
-14
Let p(l) = 10*l**3 - 8*l**2 + 5*l + 2. Let h be p(1). Let u(j) = j**3 - 10*j**2 + 11*j - 12. Calculate u(h).
6
Let n(w) = -w + 4. Let i(z) = 2*z**2 - 26*z + 3. Let x be i(13). Suppose -3*b - 10 = -y + 1, -3*y + 15 = -x*b. Give n(y).
2
Let i(f) = -59*f + 6*f**2 - 9*f**2 - 23 + 5*f**2. Let p be i(30). Let j(o) = -o**3 + 7*o**2 + 5*o - 5. Give j(p).
30
Suppose 5*a = -10 - 5. Suppose -5*h - 3*c - 2*c = 0, -h + 18 = -5*c. Let k(x) = -1 + x**3 - 4*x**2 + 4*x**h - 6*x**3. Determine k(a).
-10
Let a(l) = -l**3 + 6*l**2 - 2*l. Suppose 0 = -4*v + 2*v + 10. Let c be a(v). Let u(q) = -8 + q - 11 + c. Calculate u(0).
-4
Let w be (-3)/(-4)*(-184)/(-69). Let y(h) = h**3 + w*h**2 + 3 + 4*h**2 - 12*h**2 - 3*h. What is y(6)?
-15
Let a(j) = 6*j + 4. Let s = 602 + -604. Calculate a(s).
-8
Let w(l) = 7*l - l**2 + 0*l**2 + 27 + 26 - 51. What is w(5)?
12
Let r(a) be the third derivative of a**5/60 + a**4/24 + 2*a**3/3 + 4*a**2. Let w = 99 + -99. Wha